8809 + -b6?
-8903
In base 8, what is 1474 - -40265?
41761
In base 10, what is 21395 - -5150?
26545
In base 14, what is 61645a - 6?
616454
In base 6, what is 404541543 + 3?
404541550
In base 15, what is 3a301 + -ed?
3a203
In base 5, what is -22122 - 124413?
-202040
In base 4, what is -110010110 - 3220?
-110013330
In base 6, what is 5440 + -331113?
-321233
In base 16, what is -5 - 42bf5f1?
-42bf5f6
In base 13, what is 5 - 54341c?
-543417
In base 9, what is 12134666 - -5?
12134672
In base 15, what is 26 + -33b7a?
-33b54
In base 8, what is -560533 - -73?
-560440
In base 10, what is 116286644 - 4?
116286640
In base 6, what is 1521123 - -5?
1521132
In base 8, what is 17 + 141701?
141720
In base 13, what is 3aa - -25281?
2565b
In base 2, what is 10100100010010 - 10101111011?
10001110010111
In base 4, what is 12112212222 - -110?
12112212332
In base 2, what is -1110100110010 + 10111110001100?
1001001011010
In base 11, what is -41629a - -70?
-41622a
In base 5, what is 2002232 - 1133112?
314120
In base 14, what is 113700 + -cb?
113613
In base 5, what is -1010010114432 + -1?
-1010010114433
In base 11, what is -7 + -890282?
-890289
In base 8, what is 11617372 + -2?
11617370
In base 9, what is -275613736 + -3?
-275613740
In base 8, what is 2062 + 471254?
473336
In base 10, what is -179064 + 19?
-179045
In base 6, what is -10014 + 14442?
4424
In base 13, what is -5 - 595713b?
-5957143
In base 13, what is -282 + -5481a?
-54a9c
In base 13, what is 5c2 + 216b?
2760
In base 14, what is 8 - -d95841?
d95849
In base 10, what is -5 + -630705?
-630710
In base 12, what is -79a5494 + 6?
-79a548a
In base 11, what is 8a2 + -784101?
-78330a
In base 9, what is 3114 + 6363?
10477
In base 9, what is 110 - 1774161?
-1774051
In base 8, what is -117032 - 131?
-117163
In base 10, what is -11190 - -124?
-11066
In base 10, what is 902 + -496391?
-495489
In base 11, what is 19a5429 + 6?
19a5434
In base 6, what is -455344421 - -3?
-455344414
In base 13, what is -1536056 + -2?
-1536058
In base 15, what is -1 - -17c08681?
17c08680
In base 14, what is -15a + -14307?
-14463
In base 15, what is -25 - 10eb4?
-10ed9
In base 7, what is -2524405245 - 5?
-2524405253
In base 5, what is -303114 + -1424?
-310043
In base 13, what is -4994 - -a64?
-3c30
In base 13, what is 1878411b - 0?
1878411b
In base 4, what is 112303012220 - 21?
112303012133
In base 2, what is -10101 - -1111000100110101111?
1111000100110011010
In base 13, what is -8c79b + -2a1?
-8ca6c
In base 12, what is -b37 - -178a8?
16971
In base 16, what is 5d - -44c10?
44c6d
In base 16, what is 6228 - b11?
5717
In base 4, what is 3 + 1231322001?
1231322010
In base 8, what is -5741475 - -2?
-5741473
In base 13, what is -930419 - 137?
-930553
In base 8, what is -5630605 + -153?
-5630760
In base 6, what is 42403125 - 202?
42402523
In base 4, what is -10212122 - 22320?
-10301102
In base 7, what is 14646112 + -12?
14646100
In base 5, what is 413211333 + 0?
413211333
In base 11, what is -5 - 25161847?
-25161851
In base 7, what is 1 - -10204152?
10204153
In base 14, what is -18 + -754398?
-7543b2
In base 6, what is 5342 - 153?
5145
In base 15, what is -a016756 - 3?
-a016759
In base 3, what is -1021112200000200 + 1002?
-1021112122222121
In base 11, what is -966573 + 112?
-966461
In base 7, what is -152035 + 54546?
-64156
In base 11, what is -28 - 29570?
-29598
In base 8, what is -1167 - -36344?
35155
In base 16, what is b76430 - -30?
b76460
In base 2, what is -101000111011110011011010 + -1011?
-101000111011110011100101
In base 8, what is -1 + -210131165?
-210131166
In base 13, what is 48 - -17675?
176c0
In base 11, what is 47 - 864019?
-863a82
In base 14, what is -34a4a + -3b9?
-35025
In base 13, what is -108 - b23a?
-b345
In base 4, what is 13300203 - -2300200?
22201003
In base 4, what is 0 + -32202031222?
-32202031222
In base 5, what is -3023223111 - 2?
-3023223113
In base 4, what is 0 + -1331030201?
-1331030201
In base 10, what is 15 - 233389?
-233374
In base 14, what is -20 - 302ac8?
-302b08
In base 15, what is 1a0e59 - -16c?
1a10c6
In base 6, what is -3100023212 - 1?
-3100023213
In base 4, what is 21 - -100302330132?
100302330213
In base 5, what is 123112142021 + -3?
123112142013
In base 9, what is 154804 + -317?
154476
In base 14, what is -1b + a7?
8a
In base 9, what is 18 + 8477781?
8477810
In base 6, what is 1 + 110145242313?
110145242314
In base 11, what is 36 + -3277721?
-3277696
In base 10, what is 1838 - -15508?
17346
In base 7, what is 116 - -1131363?
1131512
In base 2, what is -1010101000001100101 - 111001001111?
-1010101111010110100
In base 10, what is -2 + 1693322?
1693320
In base 14, what is 2c4a2 - 8?
2c498
In base 5, what is 3201 + -102432?
-44231
In base 12, what is 1aa96 - 6095?
14a01
In base 11, what is -2333970 - -8?
-2333963
In base 5, what is -344043 + -2414?
-402012
In base 3, what is -1100210211001100 - -110?
-1100210211000220
In base 13, what is 4 + 2639a613?
2639a617
In base 14, what is -b268 + 7123?
-4145
In base 6, what is 3402 + 440555?
444401
In base 8, what is -104523070 - 11?
-104523101
In base 16, what is 5 + -6fe4e?
-6fe49
In base 8, what is 127 + -527664?
-527535
In base 12, what is -7 - 383889?
-383894
In base 3, what is -21012111 - 1211112?
-100001000
In base 12, what is 629 - 303a8?
-2b97b
In base 8, what is 4730362 - -7?
4730371
In base 12, what is -186671 - -5?
-186668
In base 2, what is -1110110001101100001100 - -101?
-1110110001101100000111
In base 7, what is 20642231 + -355?
20641543
In base 5, what is -2412 - 24112103?
-24120020
In base 3, what is 1111120011120 + -1?
1111120011112
In base 9, what is 167847 - -557?
168515
In base 16, what is -4 - 214cd?
-214d1
In base 12, what is 42b195 + -b1?
42b0a4
In base 7, what is -556625 - -35?
-556560
In base 5, what is -1043433 - 41101?
-1140034
In base 6, what is -12325 + 2130343?
2114014
In base 11, what is -6 - 2801285?
-2801290
In base 12, what is -15 + -427bb?
-42814
In base 3, what is -120100220211002 + -2001?
-120100220220010
In base 8, what is 50 - -3304635?
3304705
In base 8, what is -12032 + -26?
-12060
In base 12, what is 89a969 - -16?
89a983
In base 11, what is -10628812 - -1a?
-106287a3
In base 11, what is 7224a29 - 7?
7224a22
In base 11, what is 1 - 14268715?
-14268714
In base 12, what is -28a795 + -5?
-28a79a
In base 6, what is 424400 - -352?
425152
In base 2, what is 11010101 - 101101101001111001?
-101101100110100100
In base 10, what is 64097 + 2693?
66790
In base 15, what is -155c868 + 4?
-155c864
In base 8, what is -170 - 706?
-1076
In base 9, what is -1375480266 - -2?
-1375480264
In base 8, what is -42 - -677173?
677131
In base 16, what is -52b66 - 7c?
-52be2
In base 6, what is 10050501 + -11244?
10035213
In base 14, what is 8c - -1cca?
1d78
In base 14, what is 5 + -470a4d3?
-470a4cc
In base 4, what is 2211 + 310233223?
310302100
In base 10, what is 20576089 + -5?
20576084
In base 13, what is -11331c + -cc?
-11341b
In base 15, what is 22 - -127147?
127169
In base 8, what is -2 + -45707671?
-45707673
In base 9, what is 14204833 + -2?
14204831
In base 9, what is -352 - 471134?
-471486
In base 13, what is -3a11 - 48b4?
-85c5
In base 2, what is 1000101011111101100 + -11?
1000101011111101001
In base 13, what is 22296 + -a5?
221c1
In base 2, what is 100101010000110100000 + 1100?
100101010000110101100
In base 12, what is -7514 + -862?
-8176
In base 11, what is -93915 - 12?
-93927
In base 5, what is 43443 - -21243444?
21342442
In base 4, what is -120302320132212 - 3?
-120302320132221
In base 11, what is 305a + 1083?
4132
In base 13, what is -b28 - 5ab4?
-690c
In base 5, what is -230310 + -12410411?
-13141221
In base 15, what is 84562d - -1?
84562e
In base 11, what is 167335 - -13?
167348
In base 6, what is -10 + 542423022?
542423012
In base 15, what is e20c5 + 8?
e20cd
In base 10, what is -565 + -43559?
-44124
In base 10, what is 22040 + 2302?
24342
In base 3, what is -1111022010101200 - -10?
-1111022010101120
In base 4, what is -1022212 - -10233203?
3210331
In base 7, what is -2001033356 + -4?
-2001033363
In base 16, what is 1043 + 825?
1868
In base 5, what is 341 - 240440?
-240044
In base 5, what is 3140213230 - 10?
3140213220
In base 5, what is -21 - -2400042131?
2400042110
In base 4, what is 32313231002 - 2131?
32313222211
In base 4, what i